3 a factor of 6903543?
True
Is 37583834 a multiple of 5?
False
Is 42 a factor of 333140791?
False
Is 8525592 a multiple of 8?
True
Is 758 a factor of 246230236?
True
Is 5485354 a multiple of 223?
True
Is 160 a factor of 31800320?
True
Is 82 a factor of 90099058?
True
Is 7130 a factor of 2633365680?
True
Is 56118090 a multiple of 3?
True
Does 598 divide 25557805?
False
Does 123 divide 37921989?
False
Is 10 a factor of 58962630?
True
Does 1249 divide 4036563164?
True
Does 6 divide 1768474?
False
Is 10786993 a multiple of 17?
True
Is 209706 a multiple of 396?
False
Does 491 divide 4613436?
True
Is 68707432 a multiple of 82?
False
Is 71546426 a multiple of 3?
False
Is 31 a factor of 59256810?
True
Is 68 a factor of 894958497?
False
Is 8 a factor of 26551897?
False
Does 202 divide 343043536?
False
Is 991 a factor of 21846595?
True
Is 3279 a factor of 1109374233?
True
Does 99 divide 197307?
True
Is 9116741 even?
False
Is 368663988 a multiple of 21?
True
Does 104 divide 2239162692?
False
Is 12365498 a multiple of 662?
True
Is 16904989 a multiple of 331?
False
Is 628596495 a multiple of 9?
True
Is 32890168 a multiple of 4?
True
Does 1431 divide 61278282?
True
Is 133 a factor of 478992451?
True
Does 162 divide 30932280?
True
Is 4862 a factor of 195495748?
False
Does 159 divide 1232349259?
False
Does 187 divide 876732857?
True
Is 425 a factor of 282164891?
False
Is 2994 a factor of 138279189?
False
Is 4 a factor of 121192324?
True
Does 21 divide 53473182?
True
Is 3911712350 a multiple of 110?
False
Is 682 a factor of 986767386?
True
Is 10 a factor of 37363960?
True
Does 124 divide 977065564?
True
Does 706 divide 101034954?
True
Is 2 a factor of 469985?
False
Does 86 divide 8601625?
False
Does 30 divide 1532506?
False
Is 170249552 a multiple of 11?
True
Does 295 divide 2577349398?
False
Is 2299 a factor of 176217958?
False
Is 24 a factor of 306424039?
False
Is 662187264 a multiple of 1072?
True
Is 939 a factor of 13604991?
False
Is 14 a factor of 5568970?
False
Is 6816209 a multiple of 83?
True
Is 464 a factor of 603319248?
True
Does 31 divide 42846363?
False
Is 71909847 a multiple of 44?
False
Is 231703405 a multiple of 3762?
False
Does 256 divide 3720?
False
Is 1697 a factor of 489491165?
True
Does 2208 divide 12930048?
True
Is 10 a factor of 907711946?
False
Is 420 a factor of 12034260?
True
Is 204 a factor of 2618689375?
False
Is 472804570 a multiple of 70?
True
Is 44504194 a multiple of 150?
False
Is 79 a factor of 13464805?
False
Is 101888910 a multiple of 915?
True
Does 7 divide 5897696?
True
Is 5100896 a multiple of 32?
True
Is 792 a factor of 31460993?
False
Does 46 divide 163439426?
True
Is 1743408329 a multiple of 85?
False
Is 35095307 a multiple of 377?
True
Does 5 divide 9573281?
False
Is 2179 a factor of 3469052435?
False
Is 157 a factor of 3176483817?
True
Is 183 a factor of 2395470?
True
Is 245815617 a multiple of 771?
True
Is 334226885 a multiple of 28?
False
Does 196 divide 232818386?
False
Does 32 divide 65286816?
True
Is 84 a factor of 207730185?
False
Does 55 divide 171546375?
True
Does 261 divide 70159014?
False
Does 28 divide 96178084?
False
Is 4 a factor of 1000019539?
False
Is 108 a factor of 6756434695?
False
Is 126 a factor of 37362445?
False
Does 47 divide 887241654?
True
Is 55 a factor of 5255470?
True
Is 999 a factor of 292966740?
True
Does 1290 divide 1236169590?
True
Does 34 divide 185899522?
True
Is 18 a factor of 57832593?
False
Does 3850 divide 1719176307?
False
Does 31 divide 5072189860?
False
Is 19481260 a multiple of 12?
False
Is 6989235 a multiple of 89?
False
Is 26980290 a multiple of 30?
True
Does 1495 divide 337246585?
True
Is 11 a factor of 244719867?
False
Is 123324987 a multiple of 987?
False
Is 960 a factor of 1374436800?
True
Does 829 divide 33099483?
True
Is 5472825498 a multiple of 11886?
True
Does 3913 divide 2237923427?
False
Is 20776779 a multiple of 108?
False
Does 338 divide 3845966124?
True
Does 7832 divide 3329410671?
False
Is 12 a factor of 67658604?
True
Does 79 divide 50931608?
False
Is 23736075 a multiple of 18?
False
Is 702012348 a multiple of 3519?
True
Does 14 divide 18181855?
False
Is 112 a factor of 36275638?
False
Is 923690229 a multiple of 77?
True
Does 54 divide 54375129?
False
Is 5 a factor of 154368590?
True
Is 637311954 a multiple of 42?
False
Is 1714 a factor of 629157980?
True
Is 43 a factor of 28860018?
False
Is 2688 a factor of 37403055?
False
Is 84596435 a multiple of 14?
False
Is 373549440 a multiple of 2944?
True
Is 9 a factor of 134926585?
False
Is 696 a factor of 1574509526?
False
Is 47 a factor of 2755516?
True
Is 347058130 a multiple of 7?
False
Is 404 a factor of 344689209?
False
Is 3 a factor of 40884142?
False
Is 359 a factor of 7516924?
False
Is 309421506 a multiple of 41?
True
Is 107 a factor of 13864418?
True
Is 353 a factor of 45367437?
False
Is 43959857 a multiple of 135?
False
Does 72 divide 50714131?
False
Is 916594677 a multiple of 783?
True
Is 15 a factor of 26610075?
True
Is 7 a factor of 383026?
True
Is 117 a factor of 31844974?
False
Is 12 a factor of 142939848?
True
Is 63 a factor of 38271051?
True
Is 73 a factor of 71700600?
True
Is 5993988 a multiple of 286?
True
Is 1612753318 a multiple of 1089?
False
Is 3885679937 a multiple of 2154?
False
Is 33100620 a multiple of 12?
True
Is 24933332 a multiple of 704?
False
Is 102981152 a multiple of 348?
False
Does 1566 divide 547066440?
True
Is 4944912 a multiple of 56?
True
Does 47 divide 2212565273?
False
Is 35 a factor of 369516926?
False
Does 437 divide 162640538?
False
Is 23 a factor of 272091035?
True
Is 41752478 a multiple of 90?
False
Is 336327966 a multiple of 767?
True
Is 624374966 a multiple of 8?
False
Is 520 a factor of 587726554?
False
Is 16 a factor of 1085310709?
False
Is 221 a factor of 46494864?
True
Is 333 a factor of 418104810?
True
Is 45803981 a multiple of 24?
False
Is 53 a factor of 166960388?
True
Does 34 divide 1130159762?
True
Does 9656 divide 3395882718?
False
Is 57848372 a multiple of 255?
False
Does 119 divide 70152491?
False
Is 3 a factor of 151263?
True
Does 2099 divide 25175406?
True
Is 18 a factor of 11018269?
False
Is 15 a factor of 164497250?
False
Does 1304 divide 30991491?
False
Is 4663008 a multiple of 16?
True
Is 3470 a factor of 78695215?
False
Does 30 divide 22540746?
False
Is 822 a factor of 141875393?
False
Is 11 a factor of 19736934?
False
Is 8279 a factor of 1384424520?
False
Does 636 divide 303599853?
False
Is 71882621 a multiple of 39?
False
Is 2303547 a multiple of 26?
False
Is 17 a factor of 76421834?
True
Is 4 a factor of 34529792?
True
Is 187590370 a multiple of 3109?
False
Is 102 a factor of 9444324?
False
Is 1839034996 a multiple of 260?
False
Does 2895 divide 803666468?
False
Does 63 divide 2535734?
False
Is 7 a factor of 72888431?
True
Is 15 a factor of 14463840?
True
Is 118992240 a multiple of 108?
True
Does 616 divide 2465866841?
False
Is 16 a factor of 3749555477?
False
Does 183 divide 24366702?
False
Does 2 divide 1076104607?
False
Does 21 divide 455203473?
False
Is 11 a factor of 96200060?
True
Is 126 a factor of 30288577?
False
Does 38 divide 126556991?
False
Does 26 divide 17584923?
False
Is 5103756 a multiple of 18?
True
Does 15 divide 1194247575?
True
Is 3080628 a multiple of 15?
False
Does 568 divide 11900168?
True
Is 25 a factor of 41781900?
True
Does 327 divide 29387469?
False
Is 31 a factor of 1558945669?
False
Does 8611 divide 486812069?
False
Is 8710780 a multiple of 20?
True
Is 495 a factor of 1249625520?
True
Is 34 a factor of 1176164331?
False
Is 75962740 a multiple of 245?
True
Is 1207 a factor of 1110874520?
True
Does 23 divide 16439319?
True
Is 762 a factor of 805766994?
True
Is 57570537 a multiple of 33?
False
Is 1525741239 a multiple of 4472?
False
Is 384319047 a multiple of 65?
False
Is 21399984 a multiple of 54?
True
Is 6 a factor of 19566?
True
Does 893 divide 211684757?
True
Does 2940 divide 1785520800?
True
Is 137799316 a multiple of 1022?
False
Does 160 divide 707428640?
True
Is 51948428 a multiple of 16?
False
Is 2 a factor of 10647661?
False
Does 2725 divide 2093519400?
True
Is 478 a factor of 627946210?
True
Is 114608356 a multiple of 2921?
True
Does 58 divide 71213981?
False
Is 6090 a factor of 91125275?
False
Is 206 a facto